{"id":63408,"date":"2024-03-11T15:13:27","date_gmt":"2024-03-11T14:13:27","guid":{"rendered":"https:\/\/www.maccaferri.com\/br\/?post_type=webinar&#038;p=63408"},"modified":"2025-06-09T22:33:53","modified_gmt":"2025-06-09T20:33:53","slug":"solucoes-de-prevencao-e-mitigacao-de-avalanches-de-neve","status":"publish","type":"webinar","link":"https:\/\/www.maccaferri.com\/br\/webinar\/solucoes-de-prevencao-e-mitigacao-de-avalanches-de-neve\/","title":{"rendered":"Solu\u00e7\u00f5es de preven\u00e7\u00e3o e mitiga\u00e7\u00e3o de avalanches de neve"},"content":{"rendered":"<h4>21 \/03 \/2024<\/h4><div style=\"height:25px\" aria-hidden=\"true\" class=\"wp-block-spacer\"><\/div><div class=\"wp-block-columns is-layout-flex wp-container-core-columns-is-layout-9d6595d7 wp-block-columns-is-layout-flex\"><div class=\"wp-block-column is-layout-flow wp-block-column-is-layout-flow\" style=\"flex-basis:100%\"><div class=\"wp-block-columns is-layout-flex wp-container-core-columns-is-layout-9d6595d7 wp-block-columns-is-layout-flex\"><div class=\"wp-block-column is-layout-flow wp-block-column-is-layout-flow\"><div class=\"wp-block-columns is-layout-flex wp-container-core-columns-is-layout-9d6595d7 wp-block-columns-is-layout-flex\"><div class=\"wp-block-column is-layout-flow wp-block-column-is-layout-flow\"><h5>Snow avalanche prevention and mitigation solutions<\/h5>\n\n<p>The formidable force of avalanches, wielding the capacity to transport tons of snow and debris at breathtaking speeds, highlights the urgent necessity for effective risk mitigation. This imperative extends beyond safeguarding the lives and properties of mountain communities; it also highlights the impressive and potentially impactful power inherent in these natural events.<\/p>\n\n<p>Join us on March 21st as we delve into the critical landscape of avalanche defense during our webinar, \u201cSnow Avalanche Prevention and Mitigation Solutions\u201d. Together, let\u2019s explore the challenges posed by these powerful forces of nature and the imperative to develop strategies that go beyond protection, aiming to redefine safety in mountainous regions.<\/p><\/div>\n\n<div class=\"wp-block-column is-layout-flow wp-block-column-is-layout-flow\" style=\"flex-basis:40px\"><\/div>\n\n<div class=\"wp-block-column is-layout-flow wp-block-column-is-layout-flow\"><h5>Soluzioni di prevenzione e mitigazione delle valanghe<\/h5>\n\n<p>La formidabile forza delle valanghe, capace di trasportare tonnellate di neve e detriti a velocit\u00e0 mozzafiato, mette in evidenza l\u2019urgente necessit\u00e0 di una mitigazione efficace del rischio. Quest\u2019imperativo si estende oltre la salvaguardia delle vite e delle propriet\u00e0 delle comunit\u00e0 di montagna; sottolinea anche la potente e potenzialmente impattante forza insita in questi eventi naturali.<\/p>\n\n<p>Unitevi a noi il 21 Marzo mentre approfondiamo il panorama critico della difesa contro le valanghe nel corso del nostro webinar, \u201cSoluzioni di prevenzione e mitigazione delle valanghe\u201d. Insieme, esploreremo le sfide poste da queste potenti forze della natura e l\u2019imperativo di sviluppare strategie che vanno oltre la protezione, mirando a ridefinire la sicurezza nelle regioni montane.<\/p><\/div>\n\n<div class=\"wp-block-column is-layout-flow wp-block-column-is-layout-flow\" style=\"flex-basis:40px\"><\/div><\/div><\/div><\/div><\/div><\/div>","protected":false},"excerpt":{"rendered":"<p>Inscreva-se em nosso pr\u00f3ximo webinar ao vivo!<\/p>\n","protected":false},"featured_media":63409,"parent":0,"menu_order":0,"template":"","webinar-category":[],"webinar-tag":[],"class_list":["post-63408","webinar","type-webinar","status-publish","has-post-thumbnail","hentry"],"acf":{"session_avaible":[{"orario_di_inizio":"08:30:00","orario_di_fine":"09:30:00","fuso_orario":"UTC+2","lingua":"Ingl\u00eas","register_to_session":"https:\/\/www2.maccaferri.com\/l\/965143\/2024-03-07\/5rsf7m?_gl=1*1cag0hu*_up*MQ..*_ga*NjU3NDg0Mzg5LjE3MTAxNjU3NTI.*_ga_G3M9415Z9W*MTcxMDE2NTc1Mi4xLjAuMTcxMDE2NTc2MS4wLjAuMA..*_ga_5ZNY5P8FLW*MTcxMDE2NTc1Mi4xLjAuMTcxMDE2NTc2MS4wLjAuMA.."},{"orario_di_inizio":"11:30:00","orario_di_fine":"12:30:00","fuso_orario":"UTC+2","lingua":"Italiano","register_to_session":"https:\/\/www2.maccaferri.com\/l\/965143\/2024-03-07\/5rsfbb?_gl=1*1cag0hu*_up*MQ..*_ga*NjU3NDg0Mzg5LjE3MTAxNjU3NTI.*_ga_G3M9415Z9W*MTcxMDE2NTc1Mi4xLjAuMTcxMDE2NTc2MS4wLjAuMA..*_ga_5ZNY5P8FLW*MTcxMDE2NTc1Mi4xLjAuMTcxMDE2NTc2MS4wLjAuMA.."},{"orario_di_inizio":"17:00:00","orario_di_fine":"18:00:00","fuso_orario":"UTC+2","lingua":"Ingl\u00eas","register_to_session":"https:\/\/www2.maccaferri.com\/l\/965143\/2024-03-07\/5rsf7q?_gl=1*o8n3mc*_up*MQ..*_ga*NjU3NDg0Mzg5LjE3MTAxNjU3NTI.*_ga_G3M9415Z9W*MTcxMDE2NTc1Mi4xLjAuMTcxMDE2NTc2MS4wLjAuMA..*_ga_5ZNY5P8FLW*MTcxMDE2NTc1Mi4xLjAuMTcxMDE2NTc2MS4wLjAuMA.."},{"orario_di_inizio":"18:00:00","orario_di_fine":"19:00:00","fuso_orario":"UTC+2","lingua":"Italiano","register_to_session":"https:\/\/www2.maccaferri.com\/l\/965143\/2024-03-07\/5rsfbq?_gl=1*o8n3mc*_up*MQ..*_ga*NjU3NDg0Mzg5LjE3MTAxNjU3NTI.*_ga_G3M9415Z9W*MTcxMDE2NTc1Mi4xLjAuMTcxMDE2NTc2MS4wLjAuMA..*_ga_5ZNY5P8FLW*MTcxMDE2NTc1Mi4xLjAuMTcxMDE2NTc2MS4wLjAuMA.."},{"orario_di_inizio":"21:00:00","orario_di_fine":"22:00:00","fuso_orario":"UTC+2","lingua":"Ingl\u00eas","register_to_session":"https:\/\/www2.maccaferri.com\/l\/965143\/2024-03-07\/5rsfb4?_gl=1*o8n3mc*_up*MQ..*_ga*NjU3NDg0Mzg5LjE3MTAxNjU3NTI.*_ga_G3M9415Z9W*MTcxMDE2NTc1Mi4xLjAuMTcxMDE2NTc2MS4wLjAuMA..*_ga_5ZNY5P8FLW*MTcxMDE2NTc1Mi4xLjAuMTcxMDE2NTc2MS4wLjAuMA.."}],"webinar_file_download":"https:\/\/www.maccaferri.com\/br\/solucoes-de-prevencao-e-mitigacao-de-avalanches-de-neve\/","prodotto_associato":"","data_webinar":"2024-03-21 08:30:00","post_public":false,"icon_webinar":"","speakers":[3213]},"yoast_head":"<!-- This site is optimized with the Yoast SEO Premium plugin v27.0 (Yoast SEO v27.0) - https:\/\/yoast.com\/product\/yoast-seo-premium-wordpress\/ -->\n<title>Webinar sobre preven\u00e7\u00e3o e mitiga\u00e7\u00e3o de avalanches de neve<\/title>\n<meta name=\"description\" content=\"Aprenda no webinar Maccaferri as melhores solu\u00e7\u00f5es para preven\u00e7\u00e3o e mitiga\u00e7\u00e3o de avalanches de neve em \u00e1reas montanhosas. Confira!\" \/>\n<meta name=\"robots\" content=\"index, follow, max-snippet:-1, max-image-preview:large, max-video-preview:-1\" \/>\n<link rel=\"canonical\" href=\"https:\/\/www.maccaferri.com\/br\/webinar\/solucoes-de-prevencao-e-mitigacao-de-avalanches-de-neve\/\" \/>\n<meta property=\"og:locale\" content=\"pt_BR\" \/>\n<meta property=\"og:type\" content=\"article\" \/>\n<meta property=\"og:title\" content=\"Solu\u00e7\u00f5es de preven\u00e7\u00e3o e mitiga\u00e7\u00e3o de avalanches de neve\" \/>\n<meta property=\"og:description\" content=\"Aprenda no webinar Maccaferri as melhores solu\u00e7\u00f5es para preven\u00e7\u00e3o e mitiga\u00e7\u00e3o de avalanches de neve em \u00e1reas montanhosas. Confira!\" \/>\n<meta property=\"og:url\" content=\"https:\/\/www.maccaferri.com\/br\/webinar\/solucoes-de-prevencao-e-mitigacao-de-avalanches-de-neve\/\" \/>\n<meta property=\"og:site_name\" content=\"Maccaferri Brasil\" \/>\n<meta property=\"article:modified_time\" content=\"2025-06-09T20:33:53+00:00\" \/>\n<meta property=\"og:image\" content=\"https:\/\/www.maccaferri.com\/br\/wp-content\/uploads\/2024\/03\/snow-avalanche-webinar-maccaferri-1.png\" \/>\n\t<meta property=\"og:image:width\" content=\"1200\" \/>\n\t<meta property=\"og:image:height\" content=\"630\" \/>\n\t<meta property=\"og:image:type\" content=\"image\/png\" \/>\n<meta name=\"twitter:card\" content=\"summary_large_image\" \/>\n<meta name=\"twitter:label1\" content=\"Est. reading time\" \/>\n\t<meta name=\"twitter:data1\" content=\"2 minutes\" \/>\n<!-- \/ Yoast SEO Premium plugin. -->","yoast_head_json":{"title":"Webinar sobre preven\u00e7\u00e3o e mitiga\u00e7\u00e3o de avalanches de neve","description":"Aprenda no webinar Maccaferri as melhores solu\u00e7\u00f5es para preven\u00e7\u00e3o e mitiga\u00e7\u00e3o de avalanches de neve em \u00e1reas montanhosas. Confira!","robots":{"index":"index","follow":"follow","max-snippet":"max-snippet:-1","max-image-preview":"max-image-preview:large","max-video-preview":"max-video-preview:-1"},"canonical":"https:\/\/www.maccaferri.com\/br\/webinar\/solucoes-de-prevencao-e-mitigacao-de-avalanches-de-neve\/","og_locale":"pt_BR","og_type":"article","og_title":"Solu\u00e7\u00f5es de preven\u00e7\u00e3o e mitiga\u00e7\u00e3o de avalanches de neve","og_description":"Aprenda no webinar Maccaferri as melhores solu\u00e7\u00f5es para preven\u00e7\u00e3o e mitiga\u00e7\u00e3o de avalanches de neve em \u00e1reas montanhosas. Confira!","og_url":"https:\/\/www.maccaferri.com\/br\/webinar\/solucoes-de-prevencao-e-mitigacao-de-avalanches-de-neve\/","og_site_name":"Maccaferri Brasil","article_modified_time":"2025-06-09T20:33:53+00:00","og_image":[{"width":1200,"height":630,"url":"https:\/\/www.maccaferri.com\/br\/wp-content\/uploads\/2024\/03\/snow-avalanche-webinar-maccaferri-1.png","type":"image\/png"}],"twitter_card":"summary_large_image","twitter_misc":{"Est. reading time":"2 minutes"},"schema":{"@context":"https:\/\/schema.org","@graph":[{"@type":"WebPage","@id":"https:\/\/www.maccaferri.com\/br\/webinar\/solucoes-de-prevencao-e-mitigacao-de-avalanches-de-neve\/","url":"https:\/\/www.maccaferri.com\/br\/webinar\/solucoes-de-prevencao-e-mitigacao-de-avalanches-de-neve\/","name":"Webinar sobre preven\u00e7\u00e3o e mitiga\u00e7\u00e3o de avalanches de neve","isPartOf":{"@id":"https:\/\/www.maccaferri.com\/br\/#website"},"primaryImageOfPage":{"@id":"https:\/\/www.maccaferri.com\/br\/webinar\/solucoes-de-prevencao-e-mitigacao-de-avalanches-de-neve\/#primaryimage"},"image":{"@id":"https:\/\/www.maccaferri.com\/br\/webinar\/solucoes-de-prevencao-e-mitigacao-de-avalanches-de-neve\/#primaryimage"},"thumbnailUrl":"https:\/\/www.maccaferri.com\/br\/wp-content\/uploads\/2024\/03\/snow-avalanche-webinar-maccaferri-1.png","datePublished":"2024-03-11T14:13:27+00:00","dateModified":"2025-06-09T20:33:53+00:00","description":"Aprenda no webinar Maccaferri as melhores solu\u00e7\u00f5es para preven\u00e7\u00e3o e mitiga\u00e7\u00e3o de avalanches de neve em \u00e1reas montanhosas. Confira!","breadcrumb":{"@id":"https:\/\/www.maccaferri.com\/br\/webinar\/solucoes-de-prevencao-e-mitigacao-de-avalanches-de-neve\/#breadcrumb"},"inLanguage":"pt-BR","potentialAction":[{"@type":"ReadAction","target":["https:\/\/www.maccaferri.com\/br\/webinar\/solucoes-de-prevencao-e-mitigacao-de-avalanches-de-neve\/"]}]},{"@type":"ImageObject","inLanguage":"pt-BR","@id":"https:\/\/www.maccaferri.com\/br\/webinar\/solucoes-de-prevencao-e-mitigacao-de-avalanches-de-neve\/#primaryimage","url":"https:\/\/www.maccaferri.com\/br\/wp-content\/uploads\/2024\/03\/snow-avalanche-webinar-maccaferri-1.png","contentUrl":"https:\/\/www.maccaferri.com\/br\/wp-content\/uploads\/2024\/03\/snow-avalanche-webinar-maccaferri-1.png","width":1200,"height":630},{"@type":"BreadcrumbList","@id":"https:\/\/www.maccaferri.com\/br\/webinar\/solucoes-de-prevencao-e-mitigacao-de-avalanches-de-neve\/#breadcrumb","itemListElement":[{"@type":"ListItem","position":1,"name":"Home","item":"https:\/\/www.maccaferri.com\/br\/"},{"@type":"ListItem","position":2,"name":"Webinar","item":"https:\/\/www.maccaferri.com\/br\/webinar\/"},{"@type":"ListItem","position":3,"name":"Solu\u00e7\u00f5es de preven\u00e7\u00e3o e mitiga\u00e7\u00e3o de avalanches de neve"}]},{"@type":"WebSite","@id":"https:\/\/www.maccaferri.com\/br\/#website","url":"https:\/\/www.maccaferri.com\/br\/","name":"Maccaferri Brasil","description":"","publisher":{"@id":"https:\/\/www.maccaferri.com\/br\/#organization"},"potentialAction":[{"@type":"SearchAction","target":{"@type":"EntryPoint","urlTemplate":"https:\/\/www.maccaferri.com\/br\/?s={search_term_string}"},"query-input":{"@type":"PropertyValueSpecification","valueRequired":true,"valueName":"search_term_string"}}],"inLanguage":"pt-BR"},{"@type":"Organization","@id":"https:\/\/www.maccaferri.com\/br\/#organization","name":"Maccaferri do Brasil","alternateName":"Maccaferri","url":"https:\/\/www.maccaferri.com\/br\/","logo":{"@type":"ImageObject","inLanguage":"pt-BR","@id":"https:\/\/www.maccaferri.com\/br\/#\/schema\/logo\/image\/","url":"https:\/\/www.maccaferri.com\/br\/wp-content\/uploads\/2022\/07\/logo-maccaferri.png","contentUrl":"https:\/\/www.maccaferri.com\/br\/wp-content\/uploads\/2022\/07\/logo-maccaferri.png","width":152,"height":32,"caption":"Maccaferri do Brasil"},"image":{"@id":"https:\/\/www.maccaferri.com\/br\/#\/schema\/logo\/image\/"}}]}},"_links":{"self":[{"href":"https:\/\/www.maccaferri.com\/br\/wp-json\/wp\/v2\/webinar\/63408","targetHints":{"allow":["GET"]}}],"collection":[{"href":"https:\/\/www.maccaferri.com\/br\/wp-json\/wp\/v2\/webinar"}],"about":[{"href":"https:\/\/www.maccaferri.com\/br\/wp-json\/wp\/v2\/types\/webinar"}],"acf:post":[{"embeddable":true,"href":"https:\/\/www.maccaferri.com\/br\/wp-json\/wp\/v2\/speakers\/3213"}],"wp:featuredmedia":[{"embeddable":true,"href":"https:\/\/www.maccaferri.com\/br\/wp-json\/wp\/v2\/media\/63409"}],"wp:attachment":[{"href":"https:\/\/www.maccaferri.com\/br\/wp-json\/wp\/v2\/media?parent=63408"}],"wp:term":[{"taxonomy":"webinar-category","embeddable":true,"href":"https:\/\/www.maccaferri.com\/br\/wp-json\/wp\/v2\/webinar-category?post=63408"},{"taxonomy":"webinar-tag","embeddable":true,"href":"https:\/\/www.maccaferri.com\/br\/wp-json\/wp\/v2\/webinar-tag?post=63408"}],"curies":[{"name":"wp","href":"https:\/\/api.w.org\/{rel}","templated":true}]}}

Soluções de prevenção e mitigação de avalanches de neve

<h4>21 /03 /2024</h4><div style="height:25px" aria-hidden="true" class="wp-block-spacer"></div><div class="wp-block-columns is-layout-flex wp-container-core-columns-is-layout-9d6595d7 wp-block-columns-is-layout-flex"><div class="wp-block-column is-layout-flow wp-block-column-is-layout-flow" style="flex-basis:100%"><div class="wp-block-columns is-layout-flex wp-container-core-columns-is-layout-9d6595d7 wp-block-columns-is-layout-flex"><div class="wp-block-column is-layout-flow wp-block-column-is-layout-flow"><div class="wp-block-columns is-layout-flex wp-container-core-columns-is-layout-9d6595d7 wp-block-columns-is-layout-flex"><div class="wp-block-column is-layout-flow wp-block-column-is-layout-flow"><h5>Snow avalanche prevention and mitigation solutions</h5>

<p>The formidable force of avalanches, wielding the capacity to transport tons of snow and debris at breathtaking speeds, highlights the urgent necessity for effective risk mitigation. This imperative extends beyond safeguarding the lives and properties of mountain communities; it also highlights the impressive and potentially impactful power inherent in these natural events.</p>

<p>Join us on March 21st as we delve into the critical landscape of avalanche defense during our webinar, “Snow Avalanche Prevention and Mitigation Solutions”. Together, let’s explore the challenges posed by these powerful forces of nature and the imperative to develop strategies that go beyond protection, aiming to redefine safety in mountainous regions.</p></div>

<div class="wp-block-column is-layout-flow wp-block-column-is-layout-flow" style="flex-basis:40px"></div>

<div class="wp-block-column is-layout-flow wp-block-column-is-layout-flow"><h5>Soluzioni di prevenzione e mitigazione delle valanghe</h5>

<p>La formidabile forza delle valanghe, capace di trasportare tonnellate di neve e detriti a velocità mozzafiato, mette in evidenza l’urgente necessità di una mitigazione efficace del rischio. Quest’imperativo si estende oltre la salvaguardia delle vite e delle proprietà delle comunità di montagna; sottolinea anche la potente e potenzialmente impattante forza insita in questi eventi naturali.</p>

<p>Unitevi a noi il 21 Marzo mentre approfondiamo il panorama critico della difesa contro le valanghe nel corso del nostro webinar, “Soluzioni di prevenzione e mitigazione delle valanghe”. Insieme, esploreremo le sfide poste da queste potenti forze della natura e l’imperativo di sviluppare strategie che vanno oltre la protezione, mirando a ridefinire la sicurezza nelle regioni montane.</p></div>

<div class="wp-block-column is-layout-flow wp-block-column-is-layout-flow" style="flex-basis:40px"></div></div></div></div></div></div>

<p>Inscreva-se em nosso próximo webinar ao vivo!</p>

Inglês

<!-- This site is optimized with the Yoast SEO Premium plugin v27.0 (Yoast SEO v27.0) - https://yoast.com/product/yoast-seo-premium-wordpress/ -->
<title>Webinar sobre prevenção e mitigação de avalanches de neve</title>
<meta name="description" content="Aprenda no webinar Maccaferri as melhores soluções para prevenção e mitigação de avalanches de neve em áreas montanhosas. Confira!" />
<meta name="robots" content="index, follow, max-snippet:-1, max-image-preview:large, max-video-preview:-1" />
<link rel="canonical" href="https://www.maccaferri.com/br/webinar/solucoes-de-prevencao-e-mitigacao-de-avalanches-de-neve/" />
<meta property="og:locale" content="pt_BR" />
<meta property="og:type" content="article" />
<meta property="og:title" content="Soluções de prevenção e mitigação de avalanches de neve" />
<meta property="og:description" content="Aprenda no webinar Maccaferri as melhores soluções para prevenção e mitigação de avalanches de neve em áreas montanhosas. Confira!" />
<meta property="og:url" content="https://www.maccaferri.com/br/webinar/solucoes-de-prevencao-e-mitigacao-de-avalanches-de-neve/" />
<meta property="og:site_name" content="Maccaferri Brasil" />
<meta property="article:modified_time" content="2025-06-09T20:33:53+00:00" />
<meta property="og:image" content="https://www.maccaferri.com/br/wp-content/uploads/2024/03/snow-avalanche-webinar-maccaferri-1.png" />
	<meta property="og:image:width" content="1200" />
	<meta property="og:image:height" content="630" />
	<meta property="og:image:type" content="image/png" />
<meta name="twitter:card" content="summary_large_image" />
<meta name="twitter:label1" content="Est. reading time" />
	<meta name="twitter:data1" content="2 minutes" />
<!-- / Yoast SEO Premium plugin. -->

Webinar sobre prevenção e mitigação de avalanches de neve

Aprenda no webinar Maccaferri as melhores soluções para prevenção e mitigação de avalanches de neve em áreas montanhosas. Confira!
