{"id":60663,"date":"2023-12-19T16:07:16","date_gmt":"2023-12-19T15:07:16","guid":{"rendered":"https:\/\/www.maccaferri.com\/br\/?post_type=webinar&#038;p=60663"},"modified":"2025-06-16T16:43:43","modified_gmt":"2025-06-16T14:43:43","slug":"web-talk-obras-emergenciais","status":"publish","type":"webinar","link":"https:\/\/www.maccaferri.com\/br\/webinar\/web-talk-obras-emergenciais\/","title":{"rendered":"WEB TALK &#8211; Obras Emergenciais"},"content":{"rendered":"<p>Esses eventos podem causar danos significativos \u00e0 infraestrutura p\u00fablica e privada, exigindo a execu\u00e7\u00e3o de obras emergenciais para restabelecer a normalidade.<\/p><p>Obras emergenciais s\u00e3o sempre um desafio complexo, pois exigem a r\u00e1pida mobiliza\u00e7\u00e3o de recursos humanos e materiais para reparar os danos causados pelos eventos clim\u00e1ticos.<\/p><p>Neste Webtalk, especialistas ir\u00e3o expor os principais desafios na gest\u00e3o de riscos e desastres naturais, bem como as a\u00e7\u00f5es corretivas e preventivas que as equipes de engenharia podem tomar, os processos fundamentais e as solu\u00e7\u00f5es poss\u00edveis em casos de obras reais.<\/p><p><\/p><p><\/p><p><\/p><p><strong>Moderador:<\/strong><\/p><p><strong>Dr. Eng. Petrucio Santos<\/strong><\/p><p>Gerente do Departamento T\u00e9cnico da Maccaferri Am\u00e9rica Latina<\/p><p><strong>Palestrantes:<\/strong><\/p><p><strong>M.Sc Eng. Luis Edmundo Prado de Campos<\/strong><\/p><p>Professor Titular Aposentado da UFBA S\u00f3cio-diretor da LEPC Consultoria Geot\u00e9cnica<\/p><p><strong>M.Sc Eng. Rafael Fabiano Cordeiro<\/strong><\/p><p>S\u00f3cio-diretor da empresa RAV Engenharia e Geotecnia<\/p><p><strong>M.Sc Eng. Alan Donassollo<\/strong><\/p><p>Engenheiro Maccaferri<\/p>","protected":false},"excerpt":{"rendered":"<p>Os fatores clim\u00e1ticos severos, como chuvas intensas, secas prolongadas, inunda\u00e7\u00f5es e deslizamentos de terra, t\u00eam se tornado cada vez mais frequentes e intensos no Brasil. <\/p>\n","protected":false},"featured_media":60666,"parent":0,"menu_order":0,"template":"","webinar-category":[],"webinar-tag":[],"class_list":["post-60663","webinar","type-webinar","status-publish","has-post-thumbnail","hentry"],"acf":{"session_avaible":[{"orario_di_inizio":"17:00:00","orario_di_fine":"19:00:00","fuso_orario":"GMT-3","lingua":"Portugu\u00eas","register_to_session":"https:\/\/www2.maccaferri.com\/l\/965143\/2023-12-13\/5rdyv7"}],"webinar_file_download":"https:\/\/www.maccaferri.com\/br\/web-talk-obras-emergenciais\/","prodotto_associato":"","data_webinar":"2023-12-19 17:00:00","post_public":false,"icon_webinar":2505,"speakers":[11580,60621]},"yoast_head":"<!-- This site is optimized with the Yoast SEO Premium plugin v27.0 (Yoast SEO v27.0) - https:\/\/yoast.com\/product\/yoast-seo-premium-wordpress\/ -->\n<title>Web Talk: solu\u00e7\u00f5es para obras emergenciais com Maccaferri<\/title>\n<meta name=\"description\" content=\"Confira o Web Talk Maccaferri sobre solu\u00e7\u00f5es r\u00e1pidas e eficientes para obras emergenciais, com t\u00e9cnicas inovadoras para conten\u00e7\u00e3o e estabiliza\u00e7\u00e3o.\" \/>\n<meta name=\"robots\" content=\"index, follow, max-snippet:-1, max-image-preview:large, max-video-preview:-1\" \/>\n<link rel=\"canonical\" href=\"https:\/\/www.maccaferri.com\/br\/webinar\/web-talk-obras-emergenciais\/\" \/>\n<meta property=\"og:locale\" content=\"pt_BR\" \/>\n<meta property=\"og:type\" content=\"article\" \/>\n<meta property=\"og:title\" content=\"WEB TALK - Obras Emergenciais\" \/>\n<meta property=\"og:description\" content=\"Confira o Web Talk Maccaferri sobre solu\u00e7\u00f5es r\u00e1pidas e eficientes para obras emergenciais, com t\u00e9cnicas inovadoras para conten\u00e7\u00e3o e estabiliza\u00e7\u00e3o.\" \/>\n<meta property=\"og:url\" content=\"https:\/\/www.maccaferri.com\/br\/webinar\/web-talk-obras-emergenciais\/\" \/>\n<meta property=\"og:site_name\" content=\"Maccaferri Brasil\" \/>\n<meta property=\"article:modified_time\" content=\"2025-06-16T14:43:43+00:00\" \/>\n<meta property=\"og:image\" content=\"https:\/\/www.maccaferri.com\/br\/wp-content\/uploads\/2023\/12\/Site-Webtalk-Capa.jpg\" \/>\n\t<meta property=\"og:image:width\" content=\"2000\" \/>\n\t<meta property=\"og:image:height\" content=\"734\" \/>\n\t<meta property=\"og:image:type\" content=\"image\/jpeg\" \/>\n<meta name=\"twitter:card\" content=\"summary_large_image\" \/>\n<meta name=\"twitter:label1\" content=\"Est. reading time\" \/>\n\t<meta name=\"twitter:data1\" content=\"1 minute\" \/>\n<!-- \/ Yoast SEO Premium plugin. -->","yoast_head_json":{"title":"Web Talk: solu\u00e7\u00f5es para obras emergenciais com Maccaferri","description":"Confira o Web Talk Maccaferri sobre solu\u00e7\u00f5es r\u00e1pidas e eficientes para obras emergenciais, com t\u00e9cnicas inovadoras para conten\u00e7\u00e3o e estabiliza\u00e7\u00e3o.","robots":{"index":"index","follow":"follow","max-snippet":"max-snippet:-1","max-image-preview":"max-image-preview:large","max-video-preview":"max-video-preview:-1"},"canonical":"https:\/\/www.maccaferri.com\/br\/webinar\/web-talk-obras-emergenciais\/","og_locale":"pt_BR","og_type":"article","og_title":"WEB TALK - Obras Emergenciais","og_description":"Confira o Web Talk Maccaferri sobre solu\u00e7\u00f5es r\u00e1pidas e eficientes para obras emergenciais, com t\u00e9cnicas inovadoras para conten\u00e7\u00e3o e estabiliza\u00e7\u00e3o.","og_url":"https:\/\/www.maccaferri.com\/br\/webinar\/web-talk-obras-emergenciais\/","og_site_name":"Maccaferri Brasil","article_modified_time":"2025-06-16T14:43:43+00:00","og_image":[{"width":2000,"height":734,"url":"https:\/\/www.maccaferri.com\/br\/wp-content\/uploads\/2023\/12\/Site-Webtalk-Capa.jpg","type":"image\/jpeg"}],"twitter_card":"summary_large_image","twitter_misc":{"Est. reading time":"1 minute"},"schema":{"@context":"https:\/\/schema.org","@graph":[{"@type":"WebPage","@id":"https:\/\/www.maccaferri.com\/br\/webinar\/web-talk-obras-emergenciais\/","url":"https:\/\/www.maccaferri.com\/br\/webinar\/web-talk-obras-emergenciais\/","name":"Web Talk: solu\u00e7\u00f5es para obras emergenciais com Maccaferri","isPartOf":{"@id":"https:\/\/www.maccaferri.com\/br\/#website"},"primaryImageOfPage":{"@id":"https:\/\/www.maccaferri.com\/br\/webinar\/web-talk-obras-emergenciais\/#primaryimage"},"image":{"@id":"https:\/\/www.maccaferri.com\/br\/webinar\/web-talk-obras-emergenciais\/#primaryimage"},"thumbnailUrl":"https:\/\/www.maccaferri.com\/br\/wp-content\/uploads\/2023\/12\/Site-Webtalk-Capa.jpg","datePublished":"2023-12-19T15:07:16+00:00","dateModified":"2025-06-16T14:43:43+00:00","description":"Confira o Web Talk Maccaferri sobre solu\u00e7\u00f5es r\u00e1pidas e eficientes para obras emergenciais, com t\u00e9cnicas inovadoras para conten\u00e7\u00e3o e estabiliza\u00e7\u00e3o.","breadcrumb":{"@id":"https:\/\/www.maccaferri.com\/br\/webinar\/web-talk-obras-emergenciais\/#breadcrumb"},"inLanguage":"pt-BR","potentialAction":[{"@type":"ReadAction","target":["https:\/\/www.maccaferri.com\/br\/webinar\/web-talk-obras-emergenciais\/"]}]},{"@type":"ImageObject","inLanguage":"pt-BR","@id":"https:\/\/www.maccaferri.com\/br\/webinar\/web-talk-obras-emergenciais\/#primaryimage","url":"https:\/\/www.maccaferri.com\/br\/wp-content\/uploads\/2023\/12\/Site-Webtalk-Capa.jpg","contentUrl":"https:\/\/www.maccaferri.com\/br\/wp-content\/uploads\/2023\/12\/Site-Webtalk-Capa.jpg","width":2000,"height":734},{"@type":"BreadcrumbList","@id":"https:\/\/www.maccaferri.com\/br\/webinar\/web-talk-obras-emergenciais\/#breadcrumb","itemListElement":[{"@type":"ListItem","position":1,"name":"Home","item":"https:\/\/www.maccaferri.com\/br\/"},{"@type":"ListItem","position":2,"name":"Webinar","item":"https:\/\/www.maccaferri.com\/br\/webinar\/"},{"@type":"ListItem","position":3,"name":"WEB TALK &#8211; Obras Emergenciais"}]},{"@type":"WebSite","@id":"https:\/\/www.maccaferri.com\/br\/#website","url":"https:\/\/www.maccaferri.com\/br\/","name":"Maccaferri Brasil","description":"","publisher":{"@id":"https:\/\/www.maccaferri.com\/br\/#organization"},"potentialAction":[{"@type":"SearchAction","target":{"@type":"EntryPoint","urlTemplate":"https:\/\/www.maccaferri.com\/br\/?s={search_term_string}"},"query-input":{"@type":"PropertyValueSpecification","valueRequired":true,"valueName":"search_term_string"}}],"inLanguage":"pt-BR"},{"@type":"Organization","@id":"https:\/\/www.maccaferri.com\/br\/#organization","name":"Maccaferri do Brasil","alternateName":"Maccaferri","url":"https:\/\/www.maccaferri.com\/br\/","logo":{"@type":"ImageObject","inLanguage":"pt-BR","@id":"https:\/\/www.maccaferri.com\/br\/#\/schema\/logo\/image\/","url":"https:\/\/www.maccaferri.com\/br\/wp-content\/uploads\/2022\/07\/logo-maccaferri.png","contentUrl":"https:\/\/www.maccaferri.com\/br\/wp-content\/uploads\/2022\/07\/logo-maccaferri.png","width":152,"height":32,"caption":"Maccaferri do Brasil"},"image":{"@id":"https:\/\/www.maccaferri.com\/br\/#\/schema\/logo\/image\/"}}]}},"_links":{"self":[{"href":"https:\/\/www.maccaferri.com\/br\/wp-json\/wp\/v2\/webinar\/60663","targetHints":{"allow":["GET"]}}],"collection":[{"href":"https:\/\/www.maccaferri.com\/br\/wp-json\/wp\/v2\/webinar"}],"about":[{"href":"https:\/\/www.maccaferri.com\/br\/wp-json\/wp\/v2\/types\/webinar"}],"acf:post":[{"embeddable":true,"href":"https:\/\/www.maccaferri.com\/br\/wp-json\/wp\/v2\/speakers\/60621"},{"embeddable":true,"href":"https:\/\/www.maccaferri.com\/br\/wp-json\/wp\/v2\/speakers\/11580"}],"wp:featuredmedia":[{"embeddable":true,"href":"https:\/\/www.maccaferri.com\/br\/wp-json\/wp\/v2\/media\/60666"}],"wp:attachment":[{"href":"https:\/\/www.maccaferri.com\/br\/wp-json\/wp\/v2\/media?parent=60663"}],"wp:term":[{"taxonomy":"webinar-category","embeddable":true,"href":"https:\/\/www.maccaferri.com\/br\/wp-json\/wp\/v2\/webinar-category?post=60663"},{"taxonomy":"webinar-tag","embeddable":true,"href":"https:\/\/www.maccaferri.com\/br\/wp-json\/wp\/v2\/webinar-tag?post=60663"}],"curies":[{"name":"wp","href":"https:\/\/api.w.org\/{rel}","templated":true}]}}

<p>Esses eventos podem causar danos significativos à infraestrutura pública e privada, exigindo a execução de obras emergenciais para restabelecer a normalidade.</p><p>Obras emergenciais são sempre um desafio complexo, pois exigem a rápida mobilização de recursos humanos e materiais para reparar os danos causados pelos eventos climáticos.</p><p>Neste Webtalk, especialistas irão expor os principais desafios na gestão de riscos e desastres naturais, bem como as ações corretivas e preventivas que as equipes de engenharia podem tomar, os processos fundamentais e as soluções possíveis em casos de obras reais.</p><p></p><p></p><p></p><p><strong>Moderador:</strong></p><p><strong>Dr. Eng. Petrucio Santos</strong></p><p>Gerente do Departamento Técnico da Maccaferri América Latina</p><p><strong>Palestrantes:</strong></p><p><strong>M.Sc Eng. Luis Edmundo Prado de Campos</strong></p><p>Professor Titular Aposentado da UFBA Sócio-diretor da LEPC Consultoria Geotécnica</p><p><strong>M.Sc Eng. Rafael Fabiano Cordeiro</strong></p><p>Sócio-diretor da empresa RAV Engenharia e Geotecnia</p><p><strong>M.Sc Eng. Alan Donassollo</strong></p><p>Engenheiro Maccaferri</p>

<p>Os fatores climáticos severos, como chuvas intensas, secas prolongadas, inundações e deslizamentos de terra, têm se tornado cada vez mais frequentes e intensos no Brasil. </p>

Português

<!-- This site is optimized with the Yoast SEO Premium plugin v27.0 (Yoast SEO v27.0) - https://yoast.com/product/yoast-seo-premium-wordpress/ -->
<title>Web Talk: soluções para obras emergenciais com Maccaferri</title>
<meta name="description" content="Confira o Web Talk Maccaferri sobre soluções rápidas e eficientes para obras emergenciais, com técnicas inovadoras para contenção e estabilização." />
<meta name="robots" content="index, follow, max-snippet:-1, max-image-preview:large, max-video-preview:-1" />
<link rel="canonical" href="https://www.maccaferri.com/br/webinar/web-talk-obras-emergenciais/" />
<meta property="og:locale" content="pt_BR" />
<meta property="og:type" content="article" />
<meta property="og:title" content="WEB TALK - Obras Emergenciais" />
<meta property="og:description" content="Confira o Web Talk Maccaferri sobre soluções rápidas e eficientes para obras emergenciais, com técnicas inovadoras para contenção e estabilização." />
<meta property="og:url" content="https://www.maccaferri.com/br/webinar/web-talk-obras-emergenciais/" />
<meta property="og:site_name" content="Maccaferri Brasil" />
<meta property="article:modified_time" content="2025-06-16T14:43:43+00:00" />
<meta property="og:image" content="https://www.maccaferri.com/br/wp-content/uploads/2023/12/Site-Webtalk-Capa.jpg" />
	<meta property="og:image:width" content="2000" />
	<meta property="og:image:height" content="734" />
	<meta property="og:image:type" content="image/jpeg" />
<meta name="twitter:card" content="summary_large_image" />
<meta name="twitter:label1" content="Est. reading time" />
	<meta name="twitter:data1" content="1 minute" />
<!-- / Yoast SEO Premium plugin. -->

Web Talk: soluções para obras emergenciais com Maccaferri

Confira o Web Talk Maccaferri sobre soluções rápidas e eficientes para obras emergenciais, com técnicas inovadoras para contenção e estabilização.
