{"id":2504,"date":"2022-11-03T01:21:15","date_gmt":"2022-11-03T00:21:15","guid":{"rendered":"https:\/\/www.maccaferri.com\/aml\/?post_type=webinar&#038;p=2504"},"modified":"2025-07-01T13:28:43","modified_gmt":"2025-07-01T11:28:43","slug":"vertical-walls-in-urban-infrastructure","status":"publish","type":"webinar","link":"https:\/\/www.maccaferri.com\/br\/webinar\/vertical-walls-in-urban-infrastructure\/","title":{"rendered":"Muros Verticais na Infraestrutura Urbana"},"content":{"rendered":"<p>No ambiente urbano, o espa\u00e7o \u00e9 um recurso cada vez mais escasso. Viadutos e pontes s\u00e3o elementos essenciais para solucionar problemas de tr\u00e2nsito e mobilidade, mas sua ocupa\u00e7\u00e3o do solo \u00e9 um fator cr\u00edtico no desenvolvimento sustent\u00e1vel.<\/p><p>O sistema <strong>MacRes<\/strong>, da Maccaferri, foi desenvolvido para criar estruturas verticais de solo refor\u00e7ado com face de concreto, capazes de suportar cargas elevadas. Dispon\u00edvel em diferentes acabamentos de fachada, o MacRes \u00e9 um excelente exemplo de estrutura urbana que une funcionalidade e est\u00e9tica.<\/p><p>Neste webinar, vamos apresentar o <strong>Sistema MacRes<\/strong>, sua metodologia de projeto e o processo de instala\u00e7\u00e3o.<\/p><p>Assista ao v\u00eddeo para saber mais!<\/p>","protected":false},"excerpt":{"rendered":"<p>Nas \u00faltimas d\u00e9cadas, o mundo vem passando por um r\u00e1pido processo de urbaniza\u00e7\u00e3o. Segundo as Na\u00e7\u00f5es Unidas, em 1950 apenas 30% da popula\u00e7\u00e3o mundial vivia em \u00e1reas urbanas; hoje, essa propor\u00e7\u00e3o j\u00e1 \u00e9 de 55% e deve chegar a 70% at\u00e9 2050.<\/p>\n","protected":false},"featured_media":26904,"parent":0,"menu_order":0,"template":"","webinar-category":[],"webinar-tag":[],"class_list":["post-2504","webinar","type-webinar","status-publish","has-post-thumbnail","hentry"],"acf":{"session_avaible":null,"webinar_file_download":"https:\/\/www.maccaferri.com\/aml\/webinar-vertical-walls-in-urban-infrastructure-live-1","prodotto_associato":"","data_webinar":"2022-06-14 21:00:00","post_public":false,"icon_webinar":2505,"speakers":[2560]},"yoast_head":"<!-- This site is optimized with the Yoast SEO Premium plugin v27.0 (Yoast SEO v27.0) - https:\/\/yoast.com\/product\/yoast-seo-premium-wordpress\/ -->\n<title>Vertical Walls: solu\u00e7\u00e3o de infraestrutura urbana sustent\u00e1vel<\/title>\n<meta name=\"description\" content=\"Confira como foi o o webinar sobre solu\u00e7\u00f5es de muros verticais para infraestrutura urbana, destacando a sustentabilidade e a efici\u00eancia.\" \/>\n<meta name=\"robots\" content=\"index, follow, max-snippet:-1, max-image-preview:large, max-video-preview:-1\" \/>\n<link rel=\"canonical\" href=\"https:\/\/www.maccaferri.com\/br\/webinar\/vertical-walls-in-urban-infrastructure\/\" \/>\n<meta property=\"og:locale\" content=\"pt_BR\" \/>\n<meta property=\"og:type\" content=\"article\" \/>\n<meta property=\"og:title\" content=\"Muros Verticais na Infraestrutura Urbana\" \/>\n<meta property=\"og:description\" content=\"Confira como foi o o webinar sobre solu\u00e7\u00f5es de muros verticais para infraestrutura urbana, destacando a sustentabilidade e a efici\u00eancia.\" \/>\n<meta property=\"og:url\" content=\"https:\/\/www.maccaferri.com\/br\/webinar\/vertical-walls-in-urban-infrastructure\/\" \/>\n<meta property=\"og:site_name\" content=\"Maccaferri Brasil\" \/>\n<meta property=\"article:modified_time\" content=\"2025-07-01T11:28:43+00:00\" \/>\n<meta property=\"og:image\" content=\"https:\/\/www.maccaferri.com\/br\/wp-content\/uploads\/2022\/11\/vertical-walls-in-urban-infrastructure-min-5.jpg\" \/>\n\t<meta property=\"og:image:width\" content=\"1915\" \/>\n\t<meta property=\"og:image:height\" content=\"939\" \/>\n\t<meta property=\"og:image:type\" content=\"image\/jpeg\" \/>\n<meta name=\"twitter:card\" content=\"summary_large_image\" \/>\n<meta name=\"twitter:label1\" content=\"Est. reading time\" \/>\n\t<meta name=\"twitter:data1\" content=\"1 minute\" \/>\n<!-- \/ Yoast SEO Premium plugin. -->","yoast_head_json":{"title":"Vertical Walls: solu\u00e7\u00e3o de infraestrutura urbana sustent\u00e1vel","description":"Confira como foi o o webinar sobre solu\u00e7\u00f5es de muros verticais para infraestrutura urbana, destacando a sustentabilidade e a efici\u00eancia.","robots":{"index":"index","follow":"follow","max-snippet":"max-snippet:-1","max-image-preview":"max-image-preview:large","max-video-preview":"max-video-preview:-1"},"canonical":"https:\/\/www.maccaferri.com\/br\/webinar\/vertical-walls-in-urban-infrastructure\/","og_locale":"pt_BR","og_type":"article","og_title":"Muros Verticais na Infraestrutura Urbana","og_description":"Confira como foi o o webinar sobre solu\u00e7\u00f5es de muros verticais para infraestrutura urbana, destacando a sustentabilidade e a efici\u00eancia.","og_url":"https:\/\/www.maccaferri.com\/br\/webinar\/vertical-walls-in-urban-infrastructure\/","og_site_name":"Maccaferri Brasil","article_modified_time":"2025-07-01T11:28:43+00:00","og_image":[{"width":1915,"height":939,"url":"https:\/\/www.maccaferri.com\/br\/wp-content\/uploads\/2022\/11\/vertical-walls-in-urban-infrastructure-min-5.jpg","type":"image\/jpeg"}],"twitter_card":"summary_large_image","twitter_misc":{"Est. reading time":"1 minute"},"schema":{"@context":"https:\/\/schema.org","@graph":[{"@type":"WebPage","@id":"https:\/\/www.maccaferri.com\/br\/webinar\/vertical-walls-in-urban-infrastructure\/","url":"https:\/\/www.maccaferri.com\/br\/webinar\/vertical-walls-in-urban-infrastructure\/","name":"Vertical Walls: solu\u00e7\u00e3o de infraestrutura urbana sustent\u00e1vel","isPartOf":{"@id":"https:\/\/www.maccaferri.com\/br\/#website"},"primaryImageOfPage":{"@id":"https:\/\/www.maccaferri.com\/br\/webinar\/vertical-walls-in-urban-infrastructure\/#primaryimage"},"image":{"@id":"https:\/\/www.maccaferri.com\/br\/webinar\/vertical-walls-in-urban-infrastructure\/#primaryimage"},"thumbnailUrl":"https:\/\/www.maccaferri.com\/br\/wp-content\/uploads\/2022\/11\/vertical-walls-in-urban-infrastructure-min-5.jpg","datePublished":"2022-11-03T00:21:15+00:00","dateModified":"2025-07-01T11:28:43+00:00","description":"Confira como foi o o webinar sobre solu\u00e7\u00f5es de muros verticais para infraestrutura urbana, destacando a sustentabilidade e a efici\u00eancia.","breadcrumb":{"@id":"https:\/\/www.maccaferri.com\/br\/webinar\/vertical-walls-in-urban-infrastructure\/#breadcrumb"},"inLanguage":"pt-BR","potentialAction":[{"@type":"ReadAction","target":["https:\/\/www.maccaferri.com\/br\/webinar\/vertical-walls-in-urban-infrastructure\/"]}]},{"@type":"ImageObject","inLanguage":"pt-BR","@id":"https:\/\/www.maccaferri.com\/br\/webinar\/vertical-walls-in-urban-infrastructure\/#primaryimage","url":"https:\/\/www.maccaferri.com\/br\/wp-content\/uploads\/2022\/11\/vertical-walls-in-urban-infrastructure-min-5.jpg","contentUrl":"https:\/\/www.maccaferri.com\/br\/wp-content\/uploads\/2022\/11\/vertical-walls-in-urban-infrastructure-min-5.jpg","width":1915,"height":939},{"@type":"BreadcrumbList","@id":"https:\/\/www.maccaferri.com\/br\/webinar\/vertical-walls-in-urban-infrastructure\/#breadcrumb","itemListElement":[{"@type":"ListItem","position":1,"name":"Home","item":"https:\/\/www.maccaferri.com\/br\/"},{"@type":"ListItem","position":2,"name":"Webinar","item":"https:\/\/www.maccaferri.com\/br\/webinar\/"},{"@type":"ListItem","position":3,"name":"Muros Verticais na Infraestrutura Urbana"}]},{"@type":"WebSite","@id":"https:\/\/www.maccaferri.com\/br\/#website","url":"https:\/\/www.maccaferri.com\/br\/","name":"Maccaferri Brasil","description":"","publisher":{"@id":"https:\/\/www.maccaferri.com\/br\/#organization"},"potentialAction":[{"@type":"SearchAction","target":{"@type":"EntryPoint","urlTemplate":"https:\/\/www.maccaferri.com\/br\/?s={search_term_string}"},"query-input":{"@type":"PropertyValueSpecification","valueRequired":true,"valueName":"search_term_string"}}],"inLanguage":"pt-BR"},{"@type":"Organization","@id":"https:\/\/www.maccaferri.com\/br\/#organization","name":"Maccaferri do Brasil","alternateName":"Maccaferri","url":"https:\/\/www.maccaferri.com\/br\/","logo":{"@type":"ImageObject","inLanguage":"pt-BR","@id":"https:\/\/www.maccaferri.com\/br\/#\/schema\/logo\/image\/","url":"https:\/\/www.maccaferri.com\/br\/wp-content\/uploads\/2022\/07\/logo-maccaferri.png","contentUrl":"https:\/\/www.maccaferri.com\/br\/wp-content\/uploads\/2022\/07\/logo-maccaferri.png","width":152,"height":32,"caption":"Maccaferri do Brasil"},"image":{"@id":"https:\/\/www.maccaferri.com\/br\/#\/schema\/logo\/image\/"}}]}},"_links":{"self":[{"href":"https:\/\/www.maccaferri.com\/br\/wp-json\/wp\/v2\/webinar\/2504","targetHints":{"allow":["GET"]}}],"collection":[{"href":"https:\/\/www.maccaferri.com\/br\/wp-json\/wp\/v2\/webinar"}],"about":[{"href":"https:\/\/www.maccaferri.com\/br\/wp-json\/wp\/v2\/types\/webinar"}],"acf:post":[{"embeddable":true,"href":"https:\/\/www.maccaferri.com\/br\/wp-json\/wp\/v2\/speakers\/2560"}],"wp:featuredmedia":[{"embeddable":true,"href":"https:\/\/www.maccaferri.com\/br\/wp-json\/wp\/v2\/media\/26904"}],"wp:attachment":[{"href":"https:\/\/www.maccaferri.com\/br\/wp-json\/wp\/v2\/media?parent=2504"}],"wp:term":[{"taxonomy":"webinar-category","embeddable":true,"href":"https:\/\/www.maccaferri.com\/br\/wp-json\/wp\/v2\/webinar-category?post=2504"},{"taxonomy":"webinar-tag","embeddable":true,"href":"https:\/\/www.maccaferri.com\/br\/wp-json\/wp\/v2\/webinar-tag?post=2504"}],"curies":[{"name":"wp","href":"https:\/\/api.w.org\/{rel}","templated":true}]}}

<p>No ambiente urbano, o espaço é um recurso cada vez mais escasso. Viadutos e pontes são elementos essenciais para solucionar problemas de trânsito e mobilidade, mas sua ocupação do solo é um fator crítico no desenvolvimento sustentável.</p><p>O sistema <strong>MacRes</strong>, da Maccaferri, foi desenvolvido para criar estruturas verticais de solo reforçado com face de concreto, capazes de suportar cargas elevadas. Disponível em diferentes acabamentos de fachada, o MacRes é um excelente exemplo de estrutura urbana que une funcionalidade e estética.</p><p>Neste webinar, vamos apresentar o <strong>Sistema MacRes</strong>, sua metodologia de projeto e o processo de instalação.</p><p>Assista ao vídeo para saber mais!</p>

<p>Nas últimas décadas, o mundo vem passando por um rápido processo de urbanização. Segundo as Nações Unidas, em 1950 apenas 30% da população mundial vivia em áreas urbanas; hoje, essa proporção já é de 55% e deve chegar a 70% até 2050.</p>

<!-- This site is optimized with the Yoast SEO Premium plugin v27.0 (Yoast SEO v27.0) - https://yoast.com/product/yoast-seo-premium-wordpress/ -->
<title>Vertical Walls: solução de infraestrutura urbana sustentável</title>
<meta name="description" content="Confira como foi o o webinar sobre soluções de muros verticais para infraestrutura urbana, destacando a sustentabilidade e a eficiência." />
<meta name="robots" content="index, follow, max-snippet:-1, max-image-preview:large, max-video-preview:-1" />
<link rel="canonical" href="https://www.maccaferri.com/br/webinar/vertical-walls-in-urban-infrastructure/" />
<meta property="og:locale" content="pt_BR" />
<meta property="og:type" content="article" />
<meta property="og:title" content="Muros Verticais na Infraestrutura Urbana" />
<meta property="og:description" content="Confira como foi o o webinar sobre soluções de muros verticais para infraestrutura urbana, destacando a sustentabilidade e a eficiência." />
<meta property="og:url" content="https://www.maccaferri.com/br/webinar/vertical-walls-in-urban-infrastructure/" />
<meta property="og:site_name" content="Maccaferri Brasil" />
<meta property="article:modified_time" content="2025-07-01T11:28:43+00:00" />
<meta property="og:image" content="https://www.maccaferri.com/br/wp-content/uploads/2022/11/vertical-walls-in-urban-infrastructure-min-5.jpg" />
	<meta property="og:image:width" content="1915" />
	<meta property="og:image:height" content="939" />
	<meta property="og:image:type" content="image/jpeg" />
<meta name="twitter:card" content="summary_large_image" />
<meta name="twitter:label1" content="Est. reading time" />
	<meta name="twitter:data1" content="1 minute" />
<!-- / Yoast SEO Premium plugin. -->

Vertical Walls: solução de infraestrutura urbana sustentável

Confira como foi o o webinar sobre soluções de muros verticais para infraestrutura urbana, destacando a sustentabilidade e a eficiência.
